s digit of a?
4
What is the thousands digit of (8 - -25746 - -12) + 9?
5
What is the thousands digit of (-7)/((-686)/2469180) - (138/(-42) - -3)?
5
Let p(o) = -5 - 14*o - 9*o + 474*o**2 - 398*o**2. What is the hundreds digit of p(3)?
6
Suppose 0 = 27*l - 39*l - 144. What is the tens digit of l/(-8) + 34793/22?
8
What is the units digit of ((0 - (7 - 13)) + 10)*(-2458)/(-4)?
2
Let m(s) = -709*s + 209. What is the thousands digit of m(-10)?
7
Suppose -4*w = -18 + 2. Suppose -w*p = 19 - 611. Suppose 2*j - 100 = -5*a + p, -3*j = 3*a - 156. What is the units digit of a?
8
Suppose -7*k = -k + 180. Let f = -27 - k. Suppose 4*y + 119 = h, f*h = -5*y + 425 - 51. What is the tens digit of h?
2
Suppose a - 166328 = -5*z, 0 = -3204*z + 3203*z + 5*a + 33276. What is the ten thousands digit of z?
3
Suppose 2*f + 20 = 5*l, 6 = 5*l - f - 9. Suppose -3*x = 3*k - 12, -2*k + 4*x + l + 0 = 0. What is the hundreds digit of 1/4 + 1358*k/24?
1
What is the tens digit of -1 + (1 - -11383) - (-3264)/(-408)?
7
Let o(x) be the first derivative of -7*x**4/4 - x**3/3 - x - 5. What is the units digit of o(-1)?
5
Let j(a) be the first derivative of 5*a**4/4 - 3*a**3 - 7*a**2/2 + 57*a - 63. What is the hundreds digit of j(6)?
7
Suppose -3*c - 17 = -5*k, 5*c - 16 = -3*k + 1. Let w be 43 + (c - 0/(-2)). What is the tens digit of w/77 - (-1056)/14?
7
Let r(t) be the first derivative of 35*t**4/4 - t**2/2 - t - 11. Let w be r(2). What is the units digit of 8/(-20) + w/5?
5
Suppose 18008 = 4*q + x, 9*q - 20*x + 17*x = 40476. What is the units digit of q?
0
Suppose -149*i + 147*i = -10086. Suppose -15*j = -12*j - i. What is the thousands digit of j?
1
Suppose -412*u - 959820 = -472*u. What is the tens digit of u?
9
Suppose 0 = -3*l + 4*g - 1410, 5*l - 2*g - 1410 = 8*l. Let s = -288 - l. What is the tens digit of s?
8
Let d(c) = -2*c + 19. Let i be d(7). Suppose 0 = -2*p - s + 60, 3*p + 2*p = i*s + 180. Suppose p = k + 21. What is the tens digit of k?
1
Let v(j) = -2*j**3 - 19*j**2 + 10*j - 16. Let b be v(-10). Let t(s) = s**3 + 21*s**2 - 2*s + 73. What is the units digit of t(b)?
5
Suppose 9*i - i - 16 = 0. What is the units digit of (48/(-10))/i*(-2115)/18?
2
Let h be (4/(-3) + -1)*(-600 - -78). Let p be h/56*(-8)/(-3). Let t = 146 - p. What is the tens digit of t?
8
Let z(u) be the third derivative of 53*u**4/8 - 20*u**3/3 - 45*u**2. What is the units digit of z(3)?
7
Let y be (-40)/(-70)*7/(-2). Let x(z) = 40*z**2 - 2*z - 14. What is the units digit of x(y)?
0
Suppose 59*i - 186833 = 69876. What is the units digit of i?
1
Suppose -4*v + 2*q = -124, v + q - 13 = 12. Let d(t) = 2*t**2 - 25*t - 248. What is the tens digit of d(v)?
0
Suppose -4*t = 3*m - 23, -m + 3*t = -0*m + 1. Let z be -6 + m - (-1 - -1 - 195). Suppose -4*i + 372 = -f - z, 139 = i + f. What is the units digit of i?
1
Let u(y) = -6*y**3 + 131*y**2 - 213*y + 145. Let n(p) = -p**3 + 26*p**2 - 43*p + 29. Let f(q) = -11*n(q) + 2*u(q). What is the tens digit of f(-27)?
8
Let t be (-165)/(-20) - (-9)/12 - 1. Suppose 570 + 10478 = t*s. What is the thousands digit of s?
1
Let p = 20856 + -11484. What is the units digit of p?
2
What is the thousands digit of (12/10)/(26/443300*15)?
1
Suppose 3*d = -15*d + 20592. Suppose 22169 = 29*r + d. What is the hundreds digit of r?
7
Let f(n) = -4119 - 16*n + 4117 - 10*n. Let q be f(-6). Suppose 0 = -9*o + 7*o + q. What is the units digit of o?
7
Let d(h) = 1728*h**2 - 3*h + 2. What is the tens digit of d(-2)?
2
Suppose -5*l + 4*x + 240 - 2062 = 0, -5*x + 739 = -2*l. Let h = 1502 + l. What is the tens digit of h?
4
Let j(m) = 4*m + 7. Let d be j(-1). Suppose -r + 152 = -5*v, 0*r - v = d*r - 504. What is the units digit of 44/(-24) + 2 + r/6?
8
Let n be 270/65 - (-38)/(-247). Suppose n*u + 475 = j, 3*j + 327 - 1722 = 2*u. What is the units digit of j?
3
Suppose -4*r + 2*k = -67706, -14895 - 52829 = -4*r - 4*k. What is the hundreds digit of r?
9
Suppose 3*o + 5*n + 32 + 14 = 0, 3*o + 54 = 3*n. Let i = o + 632. Suppose -4*s + i + 177 = 0. What is the units digit of s?
8
Let r = -23 + 39. Let w = r + -20. What is the units digit of 134*1*w/(-8)?
7
Suppose -65*m - 62*m = -847852. What is the units digit of m?
6
Let f be 5*3/((-30)/(-4)). Let t(y) = -5 - y**f + 3*y - 3*y + 3 - 10*y. What is the tens digit of t(-8)?
1
Let b(w) = 370*w - 2829. What is the units digit of b(16)?
1
Suppose 3*v = 4*v - 4. Suppose -v*w + 2 + 6 = 0. What is the units digit of (7/2 + -3)*148/w?
7
Let b = 103 + 1545. What is the tens digit of b?
4
Suppose 0 = -55*y + 58*y - 42. Suppose -6*b + 9*b - y = -2*l, -4*l + 24 = 5*b. What is the tens digit of 66/(-4)*(l + -2 - 1)?
3
What is the hundreds digit of 4199 + (-4 - (12/36 + (-8)/6))?
1
Suppose 0 = 5*l - 5 - 0. Suppose -5*z = 2*h + 16, h + 0 - l = 2*z. What is the units digit of 18/((21/z)/(-7))?
2
Suppose -2*s - 5*v + 64661 = 0, -14*s + 18*s + 3*v = 129315. What is the tens digit of s?
2
Let y(w) = 112*w**2 - 46*w - 159. What is the ten thousands digit of y(-13)?
1
Let d be (-5)/(-6) - (-3)/18. Let k = d - -22. Suppose k = 4*v + w, 5*w = 4*v - 13 - 16. What is the units digit of v?
6
Suppose -82*p - 56*p + 4389000 = 14*p. What is the thousands digit of p?
8
Let a = 107110 - 68108. What is the hundreds digit of a?
0
Suppose -3*g = 12, 3*z = 2*z + 5*g + 207. Suppose 4*p - 1948 = o, 182*o = -4*p + z*o + 1964. What is the tens digit of p?
8
Let k = 2722 + -1586. Suppose k*d + 1574 = 1138*d. What is the tens digit of d?
8
Suppose -5*h = -4*o + 40, -4 = -0*o - 4*o - 4*h. Suppose -3*d = 3*f + 15, 4*d = o*f - 2*f + 15. Suppose d = -16*z + 17*z - 130. What is the tens digit of z?
3
Let s = 18626 - -989. What is the hundreds digit of s?
6
Suppose -2*p + 7 = 5*p. What is the hundreds digit of (p + (2 - 4))*-2*128?
2
Suppose -120*q - 82*q = -3491974. What is the tens digit of q?
8
Suppose 7 = -f - 4*d, 0 = 3*f - d - 10 - 8. Suppose -z + f*q = -164, 4*q = z + q - 154. What is the units digit of z?
9
Let l = 20798 + -16427. What is the thousands digit of l?
4
Let b(s) be the first derivative of s**5/20 + 5*s**4/6 - 16*s**3/3 - 1. Let q(m) be the third derivative of b(m). What is the tens digit of q(4)?
4
Suppose l = 5*l. Let i be 5*(6/(-12) + 15/(-100)*-6). Suppose 2*r = l, 3*r - 322 = -4*p + i*p. What is the tens digit of p?
6
Let d(z) = 22*z**3 - 10*z**2 + 29*z + 139. What is the thousands digit of d(8)?
0
Let y(k) = -k**3 - 22*k**2 + 17*k - 14. Let r be -3*22/(-15) - 2/5. Suppose 0 = 3*z - 3*c + 84, -45 = r*z - 3*c + 62. What is the hundreds digit of y(z)?
1
Let m(o) = o**3 + 2*o**2 + 139 - 132 + 15*o + 7*o**2 - o. Let v be m(-8). Let c = 62 + v. What is the units digit of c?
1
Let x = 32 - 28. Suppose 5083 = 5*p + x*y, 4*y = 4*p - 3*p - 1007. What is the units digit of p?
5
Suppose -24 = -c + 2. Suppose -c = 4*n - 34. Suppose 0 = 2*s - s + 3*g - n, 3*s - 18 = 3*g. What is the units digit of s?
5
Suppose -g + 24 = 2*m - 92, m + 232 = 2*g. Let r = -240 + 428. Let l = r - g. What is the units digit of l?
2
Let y(b) = b**3 - 3*b - 9. Let s = -31 + 35. Let m be y(s). Suppose 0 = -2*k + k + 4*o + 25, 0 = 3*k + 4*o - m. What is the units digit of k?
7
Let y be 6/((-900)/226 + 4). Let j = y - 95. What is the hundreds digit of j?
2
What is the hundreds digit of (-9732)/(-120)*-4*(-5)/2?
8
Let r be (-18)/5*70/21. Let l(c) = c + 20. Let n be l(r). What is the units digit of (-2)/n + 1162/8?
5
What is the ten thousands digit of (1 - -2769)*((-483)/(-70) - 3/(-30))?
1
Suppose n - 7 = -6, 4*n = 4*b - 348. Suppose 56576 = b*u - 36*u. What is the hundreds digit of u?
0
Let i = 31866 + -14122. What is the units digit of i?
4
Let o(f) be the third derivative of 0*f + 1/8*f**4 + 27*f**2 + 20/3*f**3 + 0. What is the tens digit of o(8)?
6
Suppose 125*n + 8*n - 477530 = -37*n. What is the thousands digit of n?
2
Let k(a) = 7*a**2 + 70*a + 571. What is the hundreds digit of k(-8)?
4
Suppose 11*u - 16*u + 103794 = 2*j, -3*u = -12. What is the thousands digit of j?
1
Let o(u) = 14*u**3 - 2*u**2 + 1. Let d be o(1). Suppose 17*r - 40 = d*r. What is the units digit of ((12/(-15))/(2/r))/(-2)?
2
What is the thousands digit of 279*((-6)/15 - (-2646)/90)?
8
Let m(p) = 19*p**3 + 10*p**2 - 103*p + 902. What is the ten thousands digit of m(8)?
1
Let i be 2*(-4 + 0/2). Let u be -2 + (33/(-12))/((-2)/i). Le